 + 10*v, 5*j = 2*v. Calculate the highest common divisor of j and 54.
2
Let y be (-161565)/(-105) + (-4)/(-14). Calculate the greatest common divisor of y and 81.
81
Suppose 0 = 4*r - 6*r + 10, 0 = -5*i + 3*r - 5. Suppose -3*m + 100 = i*m. Calculate the greatest common factor of 100 and m.
20
Let v(z) = -z - z**3 + 5*z**3 - 84*z**2 + 81*z**2 + 6. Let g be v(3). What is the greatest common divisor of g and 28?
28
Let g be 3*2 - (1 + -28)/(-9). Suppose z = -2*l + 12, 4*l = -0*z - z + 24. What is the greatest common factor of l and g?
3
Suppose -74*g = -52*g - 528. Calculate the highest common factor of 128 and g.
8
Let r be 5/((-5)/2)*-1. Calculate the highest common divisor of r and 1.
1
Let k be (87 + -3)/4*(-20)/(-35). Let f = 94 - 46. What is the greatest common factor of k and f?
12
Let d be -4 + 4 + 3 + -2 - 2. Let s be 1 + d + 0 - (-3240)/27. What is the greatest common divisor of 15 and s?
15
Suppose -2*d = -4*v - 16, 4*v = 3*d + 5*v - 52. Let l = 22 - d. Suppose 4*h - b = 47 + l, -3*h = -2*b - 46. Calculate the highest common divisor of h and 12.
12
Suppose 4*a = 3*d - 7882, 2*d = -2*d + 3*a + 10507. What is the highest common divisor of d and 26?
26
Suppose 22 = -33*q + 34*q + 2*t, 2*t + 98 = 3*q. What is the greatest common factor of q and 66?
6
Let w = -800 + 832. Calculate the highest common divisor of w and 72.
8
Suppose 0 = -2*w + 6, 3*w - 14 = -2*c - w. Suppose 3*u - u - 3*n + 1 = 0, 0 = -5*u - 5*n - 40. Let s = c - u. What is the greatest common factor of s and 30?
6
Suppose -3*d - 7 = -13. Suppose 5*j - 178 = -3*b, 3*j + 145 - 39 = d*b. Calculate the highest common factor of 7 and b.
7
Suppose -37856 = -2*s - 30*s. Calculate the greatest common divisor of s and 91.
91
Suppose -47*k = -46*k. Let g(u) = 0*u + 0*u - u + 1. Let m be g(k). Calculate the greatest common factor of m and 2.
1
Suppose -3*f + 3*s - 10 = -s, 4*f + 4*s - 24 = 0. Let y be (-5 + 3)/f - -6. Suppose 0*b - 220 = -y*b. What is the greatest common factor of 11 and b?
11
Let d = -21 + 29. Let s(n) = 119*n - 531. Let j be s(5). What is the highest common factor of j and d?
8
Suppose -3*d + 15 = -5*u + 295, 168 = 3*u + d. Suppose 0*a = -a + u. Let v(s) = s**2 + 2*s. Let y be v(2). What is the greatest common divisor of a and y?
8
Let s(r) = 2*r - r**3 + 6*r - 7*r**2 - 8 - r. Let m be s(-8). Suppose m = -0*f + 5*f - 70. Calculate the greatest common divisor of 2 and f.
2
Suppose 18*v - 11*v = 7168. Calculate the greatest common factor of v and 16.
16
Suppose 8 = -2*r + 5*q + 16, 2*r - q = 16. Calculate the highest common divisor of r and 72.
9
Let r be (-7)/((-22)/18 - 62/(-279)). Calculate the highest common divisor of 287 and r.
7
Let f = 131 - -97. Suppose 2*u - 2*y + 3*y = 90, -5*u - 4*y = -f. What is the greatest common factor of 66 and u?
22
Let m be ((-102)/8)/((-7)/(-42))*-2. Let f = m - 152. What is the highest common factor of f and 9?
1
Let u(g) = 53*g - 10. Let a be u(-2). Let b = 122 + a. Suppose -4*p + 12 = -p. What is the highest common divisor of b and p?
2
Let l(n) = -5*n**3 + n**2 + 2*n + 240. Let j be l(0). What is the greatest common divisor of 160 and j?
80
Let o = -74 + 75. Let g(b) = 13*b**2 + 8*b - 8. Let p be g(o). Let d(c) = c**3 - c + 143. Let s be d(0). What is the highest common factor of s and p?
13
Suppose 49 + 11 = 6*z. What is the greatest common divisor of z and 170?
10
Suppose 46*r = 51*r - 2255. Calculate the greatest common factor of 11 and r.
11
Suppose 0 = -16*h + 15*h + 13. Let v(i) = -2*i + 30. Let n be v(h). Let a be 0 - (-85 + -1 - n). Calculate the greatest common divisor of a and 10.
10
Suppose 3*i - 4617 = 3*k, -2*i = -5*k + 1089 - 4173. Calculate the highest common divisor of i and 53.
53
Suppose 5*c = 2 + 8. Suppose 0 = -c*h - 2*h + 104. Let r = -27 + 53. Calculate the highest common factor of h and r.
26
Let q = -307 - -339. What is the highest common divisor of 6 and q?
2
Let w be (-1554)/74*40/(-6). What is the highest common divisor of w and 154?
14
Let a = 177 + -168. What is the highest common divisor of a and 1?
1
Let n be 22*-10*3/(24/(-2)). Calculate the greatest common divisor of 5 and n.
5
Suppose -1367*r + 1361*r = -1344. Calculate the greatest common factor of r and 560.
112
Let k(y) = y**2 + 13*y + 39. Let i be k(-12). Calculate the highest common divisor of 1971 and i.
27
Let g = 677 - 557. Calculate the greatest common factor of 144 and g.
24
Let b(d) = -d**3 + 21*d**2 + 81*d - 12. Let q be b(-4). Calculate the highest common divisor of q and 1952.
32
Suppose -q + 110 = 29. Suppose 5*m = -q + 291. Let v(b) = 9*b - 137. Let a be v(16). Calculate the greatest common factor of m and a.
7
Suppose x = 2 - 0. Let o(i) = -32*i - 48. Let r = -283 + 281. Let u be o(r). What is the highest common factor of x and u?
2
Let f(t) = -14*t - 165. Let w be f(-12). What is the highest common factor of w and 375?
3
Let g(k) = -6*k - 12. Let m(n) = -n - 1. Let s(o) = 2*g(o) - 4*m(o). Let j be s(-10). What is the greatest common divisor of 40 and j?
20
Let p be 400/280*70/4. Calculate the greatest common divisor of 575 and p.
25
Suppose 33 = 8*s - 167. Let x(w) = w**3 + w**2 + w + 3. Let h be x(0). Suppose -3 + 18 = h*i. Calculate the highest common factor of s and i.
5
Let z(o) = -6*o + 10*o**3 + 0*o**2 + 3*o + 0*o**2 + 1. Let w be z(1). What is the highest common divisor of 16 and w?
8
Let v = -187 - -195. Calculate the highest common factor of v and 2.
2
Let k be (1 + (-19)/3)*(-648)/16. Calculate the highest common factor of 90 and k.
18
Suppose 3*j + 15*j = 1512. Let k = 2 - -12. Calculate the highest common factor of k and j.
14
Suppose -5*y = -3*d + 300, -3*d = 5*y - 2*d + 320. Let p be 0 + 0 + (1 - y). Let z be 560/(-30)*(-12)/14. Calculate the highest common factor of z and p.
16
Let l = 2 - -1. Suppose 382 - 142 = 5*n + 2*w, -l*w - 165 = -3*n. Suppose 0 = -x - x + 20. Calculate the greatest common divisor of x and n.
10
Let r be (5/4)/(14/2800). What is the greatest common divisor of 20 and r?
10
Suppose 5*t - 165 = -4*w + 214, -85 = -w + 2*t. What is the greatest common factor of 65 and w?
13
Let v(k) = -27*k**2 + 1 + 22*k**2 - 3*k + 2*k + k**3 - 3. Let u be v(6). Calculate the greatest common factor of u and 56.
28
Let x = 25 - 10. Let w be 340/90 - (-4)/18. Suppose w*m - 5*k - 477 = -8*k, 0 = -k - 1. What is the highest common factor of x and m?
15
Let c be (490/3)/((-3)/(-72)*8). What is the highest common factor of 10 and c?
10
Suppose 792 = -4*z + 12*z. Calculate the greatest common divisor of 36 and z.
9
Let j be 55 + -22 - (11 + 0). What is the highest common factor of 1980 and j?
22
Let o = 34 + -32. Suppose 4*k = o*k + 28. Let c(u) = -15*u**3 - 2*u**2 + u + 2. Let j be c(-2). Calculate the highest common divisor of k and j.
14
Let z(u) = 4*u**2 + 250*u + 212. Let d be z(-62). Let n(f) = -f**2 + 13*f + 14. Let i be n(10). Calculate the greatest common factor of d and i.
44
Suppose 0 = 5*b - h + 23, 7 = -2*b + h - 4. Let f be 2/b*(-160)/5. Let i = -46 + 86. What is the greatest common factor of f and i?
8
Suppose 5*m + 1081 = 3*s, s = -3*s + 2*m + 1446. Suppose -5*l + 720 = -4*q, 5*l - 1077 = 3*q - s. What is the highest common divisor of l and 20?
20
Suppose -5*f - 2*s = -2650, 2635 = 5*f - 29*s + 34*s. What is the highest common factor of f and 224?
28
Suppose -5*o + 3*o + 3*b = 0, -4*o - 4*b = 0. Suppose 4*x - 55 + 27 = o. What is the greatest common factor of 14 and x?
7
Let o be 2/9 - (-68)/18. Let q(s) = -2*s + 5. Let t be q(7). Let h be ((-18)/(-12))/(t/(-12)). What is the highest common factor of h and o?
2
Suppose 0 = -5*y + 116 + 169. Let n = -56 + 17. Let m = 58 + n. Calculate the greatest common divisor of y and m.
19
Suppose 3*a - 11*q = -6*q + 79, -15 = 3*q. What is the highest common factor of a and 90?
18
Suppose -9*y - 13*y = -990. What is the highest common factor of 720 and y?
45
Let t be 0 + ((-11)/((-22)/12) - -3). Let r = 15 - t. Let h = -75 - -129. What is the greatest common factor of r and h?
6
Let i(q) = -8*q**2 - 59*q + 33. Let l be i(-6). Calculate the highest common factor of 429 and l.
33
Let b = 42 + -30. Let v be (-2 - (-21)/9)*b. Suppose -v*o + o = -42. Calculate the highest common divisor of o and 21.
7
Let o be -1 - -3 - (-3)/6*4. Let u = 28 - o. Calculate the greates